e prime factors of 8932?
2, 7, 11, 29
What are the prime factors of 52749?
3, 5861
What are the prime factors of 28783?
107, 269
What are the prime factors of 113571?
3, 12619
What are the prime factors of 2905?
5, 7, 83
What are the prime factors of 16452?
2, 3, 457
List the prime factors of 27299.
27299
List the prime factors of 1336.
2, 167
List the prime factors of 731.
17, 43
List the prime factors of 1284.
2, 3, 107
List the prime factors of 5495.
5, 7, 157
What are the prime factors of 82?
2, 41
What are the prime factors of 1978?
2, 23, 43
List the prime factors of 5524.
2, 1381
List the prime factors of 5208.
2, 3, 7, 31
List the prime factors of 40056.
2, 3, 1669
List the prime factors of 755.
5, 151
What are the prime factors of 8169?
3, 7, 389
What are the prime factors of 6243?
3, 2081
List the prime factors of 1050.
2, 3, 5, 7
What are the prime factors of 4763?
11, 433
What are the prime factors of 182933?
182933
What are the prime factors of 679?
7, 97
What are the prime factors of 292?
2, 73
What are the prime factors of 133900?
2, 5, 13, 103
List the prime factors of 66.
2, 3, 11
What are the prime factors of 2090?
2, 5, 11, 19
What are the prime factors of 2890?
2, 5, 17
What are the prime factors of 33032?
2, 4129
What are the prime factors of 756?
2, 3, 7
What are the prime factors of 52343?
17, 3079
List the prime factors of 6110.
2, 5, 13, 47
What are the prime factors of 41787?
3, 4643
What are the prime factors of 5038?
2, 11, 229
List the prime factors of 65574.
2, 3, 3643
List the prime factors of 119.
7, 17
What are the prime factors of 4459?
7, 13
What are the prime factors of 1836?
2, 3, 17
List the prime factors of 4901.
13, 29
List the prime factors of 7290.
2, 3, 5
What are the prime factors of 1268?
2, 317
List the prime factors of 3391.
3391
List the prime factors of 15116.
2, 3779
What are the prime factors of 1370?
2, 5, 137
List the prime factors of 38804.
2, 89, 109
What are the prime factors of 2901?
3, 967
List the prime factors of 30695.
5, 7, 877
List the prime factors of 53643.
3, 17881
What are the prime factors of 8821?
8821
List the prime factors of 5658.
2, 3, 23, 41
What are the prime factors of 10819?
31, 349
List the prime factors of 3892.
2, 7, 139
What are the prime factors of 2777?
2777
List the prime factors of 7795.
5, 1559
List the prime factors of 28769.
13, 2213
What are the prime factors of 1049?
1049
What are the prime factors of 10759?
7, 29, 53
List the prime factors of 27761.
17, 23, 71
What are the prime factors of 696?
2, 3, 29
What are the prime factors of 1126?
2, 563
List the prime factors of 761.
761
List the prime factors of 12883.
13, 991
List the prime factors of 42412.
2, 23, 461
List the prime factors of 901.
17, 53
What are the prime factors of 3126?
2, 3, 521
What are the prime factors of 1217?
1217
What are the prime factors of 1780?
2, 5, 89
List the prime factors of 1557.
3, 173
What are the prime factors of 23638?
2, 53, 223
What are the prime factors of 4294?
2, 19, 113
What are the prime factors of 11855?
5, 2371
List the prime factors of 598.
2, 13, 23
List the prime factors of 25963.
7, 3709
List the prime factors of 344.
2, 43
List the prime factors of 1622.
2, 811
List the prime factors of 6213.
3, 19, 109
What are the prime factors of 9652?
2, 19, 127
What are the prime factors of 364?
2, 7, 13
What are the prime factors of 1101?
3, 367
What are the prime factors of 115921?
13, 37, 241
What are the prime factors of 5130?
2, 3, 5, 19
What are the prime factors of 844?
2, 211
List the prime factors of 215.
5, 43
What are the prime factors of 1604?
2, 401
List the prime factors of 36369.
3, 449
What are the prime factors of 3298?
2, 17, 97
List the prime factors of 3752.
2, 7, 67
List the prime factors of 575.
5, 23
List the prime factors of 724.
2, 181
List the prime factors of 3274.
2, 1637
List the prime factors of 1087.
1087
List the prime factors of 1174.
2, 587
List the prime factors of 2326.
2, 1163
What are the prime factors of 341?
11, 31
What are the prime factors of 1617?
3, 7, 11
List the prime factors of 24060.
2, 3, 5, 401
What are the prime factors of 12305?
5, 23, 107
List the prime factors of 11240.
2, 5, 281
List the prime factors of 20671.
7, 2953
What are the prime factors of 14583?
3, 4861
What are the prime factors of 5298?
2, 3, 883
List the prime factors of 939.
3, 313
List the prime factors of 11985.
3, 5, 17, 47
What are the prime factors of 152126?
2, 13, 5851
What are the prime factors of 5100?
2, 3, 5, 17
List the prime factors of 30187.
30187
What are the prime factors of 1181?
1181
List the prime factors of 14305.
5, 2861
List the prime factors of 15128.
2, 31, 61
What are the prime factors of 2079?
3, 7, 11
List the prime factors of 22607.
13, 37, 47
What are the prime factors of 33069?
3, 73, 151
What are the prime factors of 12689?
12689
List the prime factors of 17542.
2, 7, 179
What are the prime factors of 1813?
7, 37
What are the prime factors of 5786?
2, 11, 263
List the prime factors of 25200.
2, 3, 5, 7
What are the prime factors of 5478?
2, 3, 11, 83
What are the prime factors of 731?
17, 43
List the prime factors of 4964.
2, 17, 73
List the prime factors of 381.
3, 127
List the prime factors of 471.
3, 157
List the prime factors of 1020.
2, 3, 5, 17
List the prime factors of 41625.
3, 5, 37
What are the prime factors of 2775?
3, 5, 37
List the prime factors of 179.
179
What are the prime factors of 13674?
2, 3, 43, 53
List the prime factors of 291.
3, 97
List the prime factors of 6091.
6091
What are the prime factors of 5810?
2, 5, 7, 83
List the prime factors of 25021.
131, 191
List the prime factors of 951.
3, 317
What are the prime factors of 3826?
2, 1913
What are the prime factors of 4310?
2, 5, 431
List the prime factors of 1304.
2, 163
List the prime factors of 671.
11, 61
List the prime factors of 3173.
19, 167
List the prime factors of 16977.
3, 5659
List the prime factors of 9055.
5, 1811
What are the prime factors of 97001?
97001
List the prime factors of 104328.
2, 3, 7, 23
List the prime factors of 5765.
5, 1153
List the prime factors of 2443.
7, 349
List the prime factors of 21215.
5, 4243
List the prime factors of 12969.
3, 11, 131
List the prime factors of 3794.
2, 7, 271
What are the prime factors of 2015?
5, 13, 31
What are the prime factors of 3149?
47, 67
What are the prime factors of 456?
2, 3, 19
What are the prime factors of 979?
11, 89
What are the prime factors of 10907?
13, 839
List the prime factors of 1506.
2, 3, 251
What are the prime factors of 3458?
2, 7, 13, 19
List the prime factors of 54774.
2, 3, 17, 179
What are the prime factors of 29842?
2, 43, 347
What are the prime factors of 7726?
2, 3863
What are the prime factors of 107693?
107693
List the prime factors of 5707.
13, 439
List the prime factors of 47969.
47969
What are the prime factors of 6667?
59, 113
List the prime factors of 214.
2, 107
What are the prime factors of 7130?
2, 5, 23, 31
List the prime factors of 9423.
3, 349
List the prime factors of 93.
3, 31
What are the prime factors of 442?
2, 13, 17
What are the prime factors of 3627?
3, 13, 31
List the prime factors of 106628.
2, 19, 23, 61
What are the prime factors of 1249?
1249
List the prime factors of 6097.
7, 13, 67
What are the prime factors of 495?
3, 5, 11
What are the prime factors of 65999?
31, 2129
List the prime factors of 59394.
2, 3, 19, 521
What are the prime factors of 19365?
3, 5, 1291
List the prime factors of 20542.
2, 10271
List the prime factors of 3508.
2, 877
What are the prime factors of 499?
499
What are the prime factors of 159?
3, 53
What are the prime factors of 13620?
2, 3, 5, 227
List the prime factors of 33576.
2, 3, 1399
What are the prime factors of 3532?
2, 883
List the prime factors of 7922.
2, 17, 233
List the prime factors of 3220.
2, 5, 7, 23
What are the prime factors of 6045?
3, 5, 13, 31
List the prime factors of 1425.
3, 5, 19
List the prime factors of 3895.
5, 19, 41
What are the prime factors of 4370?
2, 5, 19, 23
What are the prime factors of 3216?
2, 3, 67
What are the prime factors of 895?
5, 179
What are the prime factors of 104747?
19, 37, 149
What are the prime factors of 1365?
3, 5, 7, 13
What are the prime factor